 multiple of 8?
True
Suppose 4*m - 3 = 3*m. Suppose -4*x = l - 759, 0 = m*x + l + 230 - 799. Is 8 a factor of x/12 + 2/12?
True
Suppose -3*d - 11*d = -392. Is d a multiple of 20?
False
Suppose 3*r = -r. Suppose r = 4*t - 0*t - 20. Is 5 a factor of t?
True
Suppose -481 = -6*l - 157. Is 11 a factor of l?
False
Let o = -75 + 120. Does 9 divide o?
True
Suppose -2*j + 4*j = 24. Suppose 3*i - x + j = 1, -3*x + 9 = -3*i. Is 20 a factor of 1182/33 - i/22?
False
Let q(h) = -2*h**3 - 6*h + 7*h**2 + h + 0*h + h**3 + 3. Is q(6) a multiple of 3?
True
Suppose -4*h = -5*h + 27. Let v = h - 9. Is 5 a factor of v?
False
Suppose 0 = u - 3*u. Let p(h) = 5*h - 4*h - 4*h**2 + 4 + u - h**3. Is p(-5) a multiple of 8?
True
Suppose 2*p = -5*g + 3*p + 17, 2*g - p - 8 = 0. Suppose 3*f = 6, g*f + 14 = 4*r - 44. Is r a multiple of 8?
True
Let j(t) = -2*t - 2. Let c be j(-5). Let f(s) be the second derivative of s**4/12 - 4*s**3/3 + 4*s**2 - s. Is f(c) a multiple of 4?
True
Let h(g) = 8*g - 2. Let w be h(1). Let o(y) = 5*y**2 - 11*y - 8. Let f(j) = j**2 - j. Let p(x) = 4*f(x) - o(x). Is 14 a factor of p(w)?
True
Suppose 0 = 2*l + 3*n + 31 + 13, l + 22 = -4*n. Let d(q) = -4*q**2 - q - 1. Let m be d(-1). Let g = m - l. Is 9 a factor of g?
True
Let x(n) = n**3 + n**2 + 24. Is x(0) a multiple of 6?
True
Suppose n - 11 = 3*q, -n - 5*q = n. Suppose 5*p + 0*p + n*b - 70 = 0, -3*p = 4*b - 45. Is 11 a factor of p?
True
Suppose 403 = 4*m - a - 2*a, -5*a = -m + 105. Suppose 2*r = x - 6*x + 140, -4*x + m = 4*r. Does 12 divide x?
False
Let h be (-2)/(-4)*514/(-1). Let k = -170 - h. Suppose x - 61 = -2*d, 0*d - 3*d - 3*x + k = 0. Is d a multiple of 16?
True
Suppose -27 = -4*g - 11. Suppose -g = -k + 4. Does 3 divide k?
False
Let f = -3 + 82. Is f a multiple of 25?
False
Let c(d) = d**3 + 7*d**2 + 5*d + 5. Let p be c(-5). Let i = p - 21. Is i a multiple of 5?
False
Let q = -106 - -156. Suppose -4*d - q = -2*z + 18, 2*d = -4. Is 13 a factor of z?
False
Suppose -3*a + a = -4. Let q = -2 - a. Is 4 a factor of (-16)/(-6)*(-6)/q?
True
Let k(j) = -3*j**3 - 2*j**2 + j - 2. Let i = 2 - 4. Let x be k(i). Let m = x - 7. Is m even?
False
Suppose -r + 2*r + 8 = 0. Is 2 a factor of 2/r - 13/(-4)?
False
Let h = 11 - 6. Suppose 18 = 3*c + h*u - 2*u, 0 = 2*u. Suppose -2*d = y - c + 2, 3*y + d - 22 = 0. Does 3 divide y?
False
Is ((-36)/(-15))/(1/5) a multiple of 6?
True
Let y(f) be the first derivative of f**4/4 - 10*f**3/3 + 4*f**2 + 12*f - 3. Is y(9) a multiple of 3?
True
Suppose 2*q = 2, q + 3*q - 649 = 5*d. Let g be 4/10 - d/15. Let s = 22 - g. Does 6 divide s?
False
Suppose -4*x = 2*q - 828, -5*q = -0*q + x - 2115. Is q a multiple of 69?
False
Let x = -2 - 6. Let f be (6/x)/(4/(-16)). Suppose 6*k - 48 = f*k. Is k a multiple of 8?
True
Let o(b) = 9*b - 39. Let x(c) = 4*c - 20. Let f(i) = 3*o(i) - 7*x(i). Is f(0) a multiple of 10?
False
Let n(q) = -q. Let b be n(-2). Suppose -3 = -b*k + 11. Is 1*k*9/3 a multiple of 7?
True
Let s(i) = i**3 - i + 14. Does 3 divide s(0)?
False
Suppose m = -3*o + 53, 179 + 86 = 5*m + 2*o. Let k = 35 - m. Let r = 32 + k. Is r a multiple of 7?
True
Suppose -h + 10 - 3 = 0. Let n = 12 - h. Let f = 11 - n. Is f a multiple of 5?
False
Let c be 2*1/(-4)*2. Is 11 a factor of 3*6 - 2/c?
False
Suppose 4*w - 2*w = 3*l + 24, -3*w = -3*l - 27. Let b be ((-8)/l)/(3/9). Is (-2 - -1) + 3*b a multiple of 8?
False
Let f(d) = -d**3 + 4*d**2 + 8*d - 7. Let c be f(5). Let w = 14 + -19. Let j = c + w. Is j a multiple of 2?
False
Let v(m) = m**3 - 8*m**2 + 5*m - 1. Let i be v(6). Let r = 31 + i. Does 4 divide (-3)/12 - 147/r?
True
Suppose b - 82 + 24 = 0. Let l = b - 21. Suppose 8*n - 3*n + p - l = 0, -4*p - 52 = -5*n. Is n a multiple of 8?
True
Is 26 a factor of 497/6 - (-16)/96?
False
Let r = 22 + -2. Suppose 3*j - r = 115. Does 15 divide j?
True
Let y = -9 - -8. Let i(h) = -8*h**3 + 1. Is i(y) a multiple of 7?
False
Let a(h) = h**2 + 4*h + 3. Does 3 divide a(4)?
False
Suppose -18 - 33 = -3*l. Is 17 a factor of l?
True
Let q = -130 + 222. Suppose 0 = 2*i - 3*m - q, -i - 192 = -5*i + 4*m. Is 26 a factor of i?
True
Let m(a) = 5*a**2 - a**3 + 0*a + 3*a - 7 - a. Let v be m(5). Does 2 divide 3/(-2)*(-14)/v?
False
Let k(w) = -w**2 - 5*w - 7. Suppose -n + 22 = -2*p - p, 5*p + 3*n = -46. Let c be k(p). Let b = c + 48. Is b a multiple of 11?
False
Let t(o) = 17*o - 11. Is t(4) a multiple of 4?
False
Suppose -2*y + 1 + 187 = 0. Is 18 a factor of y?
False
Let h(o) = -o**2 + o. Let n be h(-3). Let w = -4 - n. Does 8 divide w?
True
Suppose -18 = -g - 2*g. Let u be (g/(-4))/(2/(-4)). Suppose -q + 6*q + 3*i = 90, 0 = -u*q + 4*i + 54. Does 18 divide q?
True
Suppose 5*h = 33 - 3. Let m(k) = 6*k**2 + 0*k + 4 + 3*k**3 + 7*k**3 + k - 11*k**3. Is 9 a factor of m(h)?
False
Suppose -4*n + 5*a + 313 = 0, n = -2*n + 4*a + 234. Is 15 a factor of n?
False
Let n = 23 - -46. Let h = n - 5. Suppose -5*k = 4*r - 102, 5*k + r - h = 2*k. Is 11 a factor of k?
True
Let o = -86 - -185. Is 11 a factor of (4/(-6))/((-6)/o)?
True
Let s(t) = 4*t**2 - 2. Let w(f) = -f**3 - 4*f**2 - f - 2. Let y be w(-4). Let b = y - 4. Does 7 divide s(b)?
True
Let o(d) = 5*d + 7 + 2 - 2 + 0. Is o(7) a multiple of 21?
True
Suppose -2 + 7 = 5*g. Suppose n + 2 = g. Does 9 divide n + -1 + 13 - 2?
True
Let a(u) = 2*u**2 + 7*u - 6. Is 6 a factor of a(-6)?
True
Let q(x) = 52*x - 3. Is q(1) a multiple of 15?
False
Suppose -3*c + 90 = 3*d, -4*c + 24 - 4 = 0. Is 2 a factor of d?
False
Let n be (11*6)/((-3)/(-2)). Suppose -5*a + n = -3*a. Does 22 divide a?
True
Suppose 0 = -g - 8 + 16. Is g a multiple of 8?
True
Let m(u) = 27*u + 3. Let o be m(4). Suppose 4*j + 30 = 2*d, -o = -5*d + 3*j - 2*j. Is d a multiple of 5?
False
Let x(r) = 2*r - 6. Let a be x(4). Suppose -4*p + 13 = -d - 4*d, -a*p = 5*d + 1. Is p even?
True
Let p be 3*(-2)/(-3)*-5. Let g = p - -6. Let y(m) = m**2 + m - 2. Does 4 divide y(g)?
False
Let i(y) = -y**3 - 5*y**2 - 2*y + 5. Suppose 4*u + 35 = -j - 11, -4*u = -3*j + 38. Let d = u + 6. Does 15 divide i(d)?
True
Let w(l) = -l + 5. Let b be w(6). Let q = 13 - b. Is q a multiple of 4?
False
Suppose 0 = -4*f - 2*t + 518, -t - 391 = -2*f - f. Does 26 divide f?
True
Suppose 4*l + w = 2*l + 1, 0 = -3*l + w + 9. Let z(m) = -2 - 4*m + 4*m**2 + 2*m**l - 13*m**3 + 12*m**3. Is z(5) even?
False
Let o = 3 - -17. Let w be (o/(-12))/(1/(-3)). Suppose 4*m + w*u - 60 - 92 = 0, -3*m - u + 114 = 0. Does 19 divide m?
True
Suppose -5*f - 25 = 0, -3*h + f + 8 = -0*h. Suppose b - 3*x - 21 = -h, 3*x = -2*b + 40. Is 10 a factor of b?
True
Let l = 9 - 7. Is 12 a factor of l/11 + (-1096)/(-22)?
False
Let k = 28 - 1. Does 3 divide k?
True
Suppose -5*u = -8*u + 114. Does 5 divide u?
False
Let z be (-836)/14 + (-2)/7. Let q = z + 103. Is q a multiple of 16?
False
Suppose -16 - 68 = -3*w. Is 28 a factor of w?
True
Is (-1 - -4 - -41)/1 a multiple of 22?
True
Let z = 11 - 19. Let u = 15 + z. Is u a multiple of 7?
True
Suppose -292 = 35*d - 39*d. Is 13 a factor of d?
False
Let o(q) = -3*q - 5. Let x be o(-5). Does 15 divide (-32)/(-80) - (-606)/x?
False
Let b = 27 - 9. Is b a multiple of 3?
True
Let m(v) = -125*v. Let t be m(-2). Let k be ((-12)/(-5))/(4/10). Does 21 divide t/k + (-1)/(-3)?
True
Let n be (-1)/((4/2)/14). Let t(i) be the second derivative of -i**5/20 - 2*i**4/3 - 4*i**3/3 + 3*i**2 - 3*i. Is t(n) a multiple of 13?
True
Suppose -10 = 2*x, -w + x = -46 - 31. Is 9 a factor of w?
True
Does 5 divide (-1*6/4)/((-2)/180)?
True
Let y(m) = -m - 164. Let k be y(0). Let f be k/(-12) + (-4)/6. Let n = -5 + f. Is n a multiple of 3?
False
Suppose -8 + 0 = 4*k. Is 10 a factor of (-248)/(-20) + k/5?
False
Let m(j) = 4*j + 1. Let u be m(5). Let r = u - 1. Let z = r + -11. Is 3 a factor of z?
True
Suppose 3*o - 547 = 713. Suppose -o = -5*l - 2*j, -3*j - 252 = -3*l - 6*j. Is l a multiple of 21?
True
Let r = 34 + -24. Is 2 a factor of (25/r)/((-2)/(-4))?
False
Let v(r) = -r**2 - 10*r + 1. Let m be v(-6). Suppose 4*h + h = -m. Does 13 divide (28/h)/(10/(-25))?
False
Let g = -6 + 9. Let f = 74 + -62. Suppose g*j - 2*j = f. Does 4 divide j?
True
Suppose 1046 = 10*v - 14. Is 9 a factor of v?
False
Let u = 147 + -93. Does 6 divide u?
True
Let u(l) = -l**2 - 3*l + 28 + 4*l + 0*l. Is 14 a factor of u(0)?
True
Let j = 42 - -2. Is j a multiple of 26?
False
Let l(z) = 4*z + 4. Let x be 